ctors of b?
11
Let g be 16/((-2 - -3)*2). Suppose 2*c = -0*c + g. Suppose c*z - 21 = 27. What are the prime factors of z?
2, 3
Let n be (-81)/18*(-229 + -1). Let y be 4/(-10) - n/(-25). Let x = 62 - y. What are the prime factors of x?
3, 7
Suppose 1 = 2*l - 3. Suppose 3*g - a - 60 = g, 2*a - 8 = 0. Suppose l*s + 30 = 5*s + 3*b, -4*b = -2*s + g. What are the prime factors of s?
2, 3
Suppose 6*y - 740 = 316. Suppose -3*r = 4*o - y, 11*r - 184 = -4*o + 10*r. List the prime factors of o.
47
Let w(a) = 5*a**3 - 9*a**2 + 15*a - 10. Let g(u) = 3*u**3 - 5*u**2 + 8*u - 5. Let q(k) = 7*g(k) - 4*w(k). What are the prime factors of q(3)?
29
Suppose -184 = 4*r - 27*r. Let s = -14 + 20. Suppose s*c = 2*c + r. What are the prime factors of c?
2
Let l = 25 - 25. Suppose 20 = 5*j - l*j. Suppose 0 = -j*n + 13 + 7. What are the prime factors of n?
5
Let u be (0 - 10)*44/55. Let j(a) = a + 21. What are the prime factors of j(u)?
13
Let d(f) = f**3 + 11*f**2 + 10*f + 1. Let l be d(-10). Let m(s) = 214*s - 3. List the prime factors of m(l).
211
Let n be 0/(4 + -9 + 4). Suppose 2*k + 3*t - 43 = n, -k - 4*t = k - 42. What are the prime factors of k?
23
Let u = 1654 + -203. List the prime factors of u.
1451
Suppose -2*o = -l + 357 + 82, -2*l + 866 = -o. What are the prime factors of l?
431
Suppose 92 = 2*b - 114. Let w = 188 - b. List the prime factors of w.
5, 17
Suppose -5*x = -2*i, -2*x - x + 16 = 2*i. Suppose x*u - 15 = 25. What are the prime factors of u?
2, 5
Let r = -96 - -171. Suppose 74*g + 283 = r*g. List the prime factors of g.
283
Suppose 35*s - 37*s - 4610 = -4*m, m = 4*s + 1163. List the prime factors of m.
1151
Suppose -343*j + 348*j - 5705 = 0. List the prime factors of j.
7, 163
Suppose -3*z - 2*u + 1 = 0, -3*z = -z - 5*u - 7. Suppose 3*b + 3 = 4*k, -2*k + 16 = -4*b + 2. List the prime factors of (-20)/(-1) + k*z.
17
Let c = -22 - -145. Let w = c + 56. List the prime factors of w.
179
Let n be 394/9 - 2/(-9). Suppose -9*l - n = -11*l. Let j = l + -6. What are the prime factors of j?
2
Suppose 2*w + 45 = w. List the prime factors of (-9)/(w/20) + 16.
2, 5
Let t = 4355 - 2272. List the prime factors of t.
2083
Let n(l) = -l**3 + 23*l**2 + 36*l - 72. List the prime factors of n(20).
2, 3, 7, 11
Suppose j - 4 + 0 = 0. Suppose 0 = -c + j*c - 75. List the prime factors of c.
5
Let c(z) = -36*z + 15. Let r be c(4). Let s = r - -217. List the prime factors of s.
2, 11
Suppose 84615 = 199*g - 184*g. List the prime factors of g.
5641
Suppose -j = -3*w + 15, -w + 4 + 1 = j. Suppose j = -0*h + 5*h + 20, 0 = -b - h + 70. What are the prime factors of b?
2, 37
Let p(d) be the second derivative of d**5/60 + d**4/24 + d**3 + 5*d**2/2 + 2*d. Let a(o) be the first derivative of p(o). What are the prime factors of a(0)?
2, 3
Suppose -3*c - 5*m + 1210 = -m, -m - 1607 = -4*c. Suppose 7*b - 150 = -2*o + 2*b, -b = -5*o + c. List the prime factors of o.
2, 5
Let m = -185 + 110. Let u = -46 - m. What are the prime factors of u?
29
Let q be (-78)/(-21) - 6/(-21). Suppose 3*s = -q*b - 0*s + 27, -5*b = 5*s - 40. Suppose -b*n + 68 = n. List the prime factors of n.
17
Suppose -4*k + 2*w = -26 - 128, -118 = -3*k + 4*w. Suppose -3*n - 2*n - 5*v = -50, -5*v + k = 3*n. What are the prime factors of (-22 + n)*(-3)/4?
2, 3
Suppose 0 = 7*a - 80 - 522. What are the prime factors of a?
2, 43
Let b(s) = 3*s**2 + 7*s - 34. Let f be b(-6). Let l be (3*-1)/((-3)/(-4)). List the prime factors of f/1*(-2)/l.
2
Let w = 501 - 533. Suppose 0 = 3*d + 2*x + 34 + 20, 0 = d - 2*x + 26. Let q = d - w. What are the prime factors of q?
2, 3
Let g = 22 - 18. Suppose 5*b - 10 = 0, 4*z - 3*b = -g*b - 178. What are the prime factors of 12/(-15) - 1566/z?
2, 17
Let a = 49 - 46. Let w be ((-20)/(-2))/2 - 0. Suppose 0 = -a*o - 0 + 3, i - w*o = 10. What are the prime factors of i?
3, 5
Let p(w) = 220*w**2 - 25*w + 50. List the prime factors of p(3).
5, 17, 23
Let i(a) = a. Let r be i(-6). Let l(b) = -b**3 - 3*b**2 - 5. Let x be l(-4). Let n = x - r. List the prime factors of n.
17
Suppose 0 = 3*x + 2*x - 3*a + 25, 20 = -5*x + 2*a. Let y(i) = 14*i**2 + 2*i + 4. List the prime factors of y(x).
2, 7
Suppose 5*l = l. Suppose l = -3*t - 185 - 1. Let v = -44 - t. What are the prime factors of v?
2, 3
What are the prime factors of 829047/618*1*2*1?
2683
Suppose -7970 = -10*t + 6810. List the prime factors of t.
2, 739
Let d be -2 + 3 + 0 + 1. Suppose d*u + 29 = u. Let h = 49 + u. List the prime factors of h.
2, 5
Let g be 3 + (4*-1)/4. Suppose -g*a - 2*a + 8 = 0. Suppose -i - 5*v = -10, -v + a*v + 61 = 4*i. What are the prime factors of i?
3, 5
Let u = -258 - -140. What are the prime factors of -2*12/8 - u?
5, 23
Let g = -25 - -58. Let a = g + 0. What are the prime factors of a?
3, 11
Suppose -v + 4483 = -5*x + 1830, -5*v - 5*x + 13175 = 0. What are the prime factors of v?
2, 1319
Let j(i) = -92*i - 815. List the prime factors of j(-17).
7, 107
Suppose 19*y - 11*y = 1472. List the prime factors of y.
2, 23
Suppose 3*y = 5*a + 7*y - 2066, a = 5*y + 390. List the prime factors of a.
2, 5, 41
Let j be 5/(-10)*(-12)/2. Suppose 0 = -2*c + g + 19, -j*c - c - 2*g = -26. Suppose -c = -2*z - 4*m, -z - 2*m = -2*z + 4. What are the prime factors of z?
2
List the prime factors of (-6 - 1380)/(-3) - 0.
2, 3, 7, 11
Suppose 4*r = 14 + 14. Let k be ((-28)/r)/((-3)/24). Suppose -p + 65 = -4*t, t + 18 = p - k. What are the prime factors of p?
3, 5
Suppose 4 = -4*t + 2*t, 4*b - t + 6 = 0. Let d be (b/6)/((-6)/72). Suppose -2*m + 74 = d*g, 5*g + 5*m - 73 = 7. What are the prime factors of g?
3, 7
Let s be 12/(-9) - (-19)/3. Suppose s*q + 619 = 54. Let v = q - -161. What are the prime factors of v?
2, 3
Let m = -663 + 2376. What are the prime factors of m?
3, 571
Suppose 184*p + 27860 = 212*p. List the prime factors of p.
5, 199
Let v be 4282/17 + (-20)/(-170). Suppose -3*r = 3*r - v. What are the prime factors of r?
2, 3, 7
Let t(l) = -l**3 + 14*l**2 + 7*l. List the prime factors of t(10).
2, 5, 47
Let x = 544 + -301. Suppose -b - 82 + x = 5*g, 4*b = 2*g - 82. What are the prime factors of g?
3, 11
Let b(v) = 0*v**3 - 2*v**3 + v**3 - 8*v**2 - 2 + 2*v**2 - 7*v. Let q be b(-5). What are the prime factors of q/(-3)*(-8 + 2)?
2
Suppose -2*d = -6*d + 60. Let v = d + -15. Suppose v*o = -o + 11. What are the prime factors of o?
11
Let g = 13957 - 9653. List the prime factors of g.
2, 269
Suppose -2 + 7 = -5*f, -5*s = 3*f + 73. Let u(h) = -h - 11. Let g be u(s). Suppose -y - 141 - 19 = -g*p, 0 = 2*p - 3*y - 116. What are the prime factors of p?
2, 13
Let v(r) = -r**3 - 15*r**2 + r + 21. Let f be v(-15). Suppose -f*x + 3*x - 42 = 0. Let j = 16 + x. List the prime factors of j.
2
Let k = -67 - -69. Suppose -k*i + 482 = 2*t, -4*i + i = -4*t + 943. List the prime factors of t.
2, 7, 17
Suppose 29*f + 2*f - 14849 = 0. What are the prime factors of f?
479
Let y(n) = -n**2 + 15*n + 4. Let l be y(5). Suppose -a - 32 = -3*a. Let h = l + a. What are the prime factors of h?
2, 5, 7
Let u = -1 - -5. Suppose 2*q - m - 117 = 0, -2*m + 6 = -u. List the prime factors of q.
61
Suppose 2*a + 6 = -14. Let r = -10 - a. Suppose -5*m + 11 + 3 = 2*b, r = -3*m - 6. What are the prime factors of b?
2, 3
Suppose -1 = -m + 2. Suppose 0*k = -4*v - m*k, 27 = 5*v - 3*k. Suppose 3*o = -5*p + 4, v*p + 5*o + 3 + 1 = 0. List the prime factors of p.
2
Let x(y) be the second derivative of 25/6*y**3 + 0 - 6*y - 15*y**2 - 1/12*y**4. What are the prime factors of x(20)?
2, 5, 7
Let u = 20 - 15. Suppose 5*n - 405 = a, -u*n - 4*a + 282 = -98. Suppose -16*v + n = -14*v. What are the prime factors of v?
2, 5
Let k(u) = -u**3 - 15*u**2 + 6*u + 42. What are the prime factors of k(-20)?
2, 31
Let g(f) = -2*f + 1. Suppose -7*o + 4*o = -24. Let x be g(o). Let z = x - -30. List the prime factors of z.
3, 5
Suppose 0 = 24*l - 23*l - 1410. What are the prime factors of l?
2, 3, 5, 47
Suppose -p - 119 + 26 = 0. Let y be p/(-4) + 1/(-4). Suppose -r - 3 = 0, 4*l + 0*l = 5*r + y. List the prime factors of l.
2
Let a(k) = k**3 - 6*k**2 + 7*k - 7. Let x be a(5). Suppose -4*z + x*g = -283 + 51, g + 240 = 4*z. What are the prime factors of z?
61
Let u be (1/2)/(1/108). Suppose -3*w - 3*k + u = -6*w, -3*k = 12. List the prime factors of 28/154 - 1008/w.
2, 23
Suppose 17790 = -12*o + 18*o. What are the